k = a + b. List the prime factors of k.
2, 7
Suppose -4*u + 74 = -3*u. Suppose 2*g - 5*g + 6 = 0. Suppose -12 = -3*x, 0 = g*j - 0*j - x - u. What are the prime factors of j?
3, 13
Suppose -5*k - 4*i - 4 = 0, 4*i - 6*i - 2 = 4*k. Suppose 0 = -5*v + 5*c + 25, 2*v + 2*v + 3*c = 13. List the prime factors of v/(-1) + (k - -35).
31
Let b = -17 + 23. Let i be (-7 + -2)/(b/(-32)). Let g = -15 + i. What are the prime factors of g?
3, 11
Suppose -4*p - 6 - 10 = 0. Let n be 2/p*(3 - -1). What are the prime factors of n*((-67)/2 - 3)?
73
Let k = 53 + -37. Let o = k - -10. What are the prime factors of o?
2, 13
Suppose 0 = k - 2 - 4. Suppose 846 = 15*b - k*b. List the prime factors of b.
2, 47
Suppose 6*y - 20 = -8. Suppose 2*k + 2*k - 28 = 0. Suppose -y*t + 1 = -k. List the prime factors of t.
2
Suppose -3*q = -3*x + 9, -3*q - 3*x = -4*x + 3. Let i(o) = o**2 - 3*o - 8. Let s be i(5). Suppose q*r = s*r - 30. What are the prime factors of r?
3, 5
Suppose 0 = 173*a - 165*a - 16. Let l(w) = w + 6. Let p be l(-6). Suppose -a*z + 6 = -p*z. What are the prime factors of z?
3
Let x(h) be the first derivative of -h**4/2 - 2*h**3/3 - 2*h**2 + 3*h - 4. List the prime factors of x(-4).
5, 23
Suppose 0 = 4*w - w. Let o(d) = -d**3 + d**2 - d - 2. Let q be o(w). What are the prime factors of 6 - -22 - q/(-2)?
3
Let r = 1935 + 298. What are the prime factors of r?
7, 11, 29
Suppose -u = -4*c - 3*u + 44, -3*c + 2*u + 47 = 0. Let d(z) = 12 + c*z + 3*z**2 + 13 - 20. What are the prime factors of d(-6)?
5, 7
Suppose 6*b - 69 = 3*b. What are the prime factors of b*3*(13 + -12)?
3, 23
Let s(m) = 2*m**2 - 5*m + 1. Suppose -o = -6*o + 25. List the prime factors of s(o).
2, 13
What are the prime factors of 98824/(-8)*(-16)/88?
2, 1123
Suppose 8*r - 5344 = -0*r. What are the prime factors of r?
2, 167
Let c = -265 + 125. Let j = 278 + c. List the prime factors of j.
2, 3, 23
Let u = 84 + -38. Suppose -2*p + u = -16. List the prime factors of p.
31
Suppose 0 = -p + 4*g - 5*g + 69, g - 209 = -3*p. Suppose -4*s + p = -3*s. List the prime factors of s.
2, 5, 7
Let l(s) = -s**2. Let g(o) = -2*o**2 + 21*o - 45. Let d(v) = g(v) - l(v). List the prime factors of d(14).
53
Let z(g) = 3*g**3 + g**2 - 17*g + 7. List the prime factors of z(7).
2, 3, 7, 23
What are the prime factors of (-2 - 12/(-5)) + 48557/295?
3, 5, 11
Suppose -3*s = 2*g - 12, 8*s + 4*g = 3*s + 22. Let l = 4 + -4. List the prime factors of -3 + 32/(s + l).
13
Let l = -4899 - -9123. What are the prime factors of l?
2, 3, 11
Let q = 29 + -16. Let r = 16 - q. Suppose 2*t - r - 17 = 0. List the prime factors of t.
2, 5
Let k = -1381 + 3231. List the prime factors of k.
2, 5, 37
Suppose 4848 = 4*j + 4*v, -2*v = -2*j - 7*v + 2415. List the prime factors of j.
3, 5
Let z be (-6)/4*(-56)/3. Let b = 234 + -249. Let l = b + z. List the prime factors of l.
13
Let h(b) = -b**2 + 12*b - 32. Let o be h(10). What are the prime factors of 1/4 - 897/o?
3, 5
Suppose -2121 = -j + 3*q, 4*q = 7*j - 9*j + 4262. What are the prime factors of j?
3, 709
Let o(d) = -d**2 + 28*d - 24. Let k = 84 - 73. What are the prime factors of o(k)?
163
Let z(u) = -3*u - 7. Let b be 6 - 8 - (-4)/(-2). Let p be z(b). Suppose 3*q = -0*q + p*v + 67, 2*v = -4*q + 72. What are the prime factors of q?
19
Suppose f = -5*u + 13 - 4, -f = -3*u + 23. Let g be (0 - -4) + (-102)/6. Let n = f - g. What are the prime factors of n?
2
Let i(r) = 9*r - 3. Let p(x) = 5*x - 2. Let f(n) = 2*i(n) - 5*p(n). List the prime factors of f(-4).
2
Suppose -3*v + 6*w + 245 = 2*w, v = -4*w + 55. List the prime factors of v.
3, 5
Let i = -10 - 8. Let z = 12 + i. List the prime factors of 172/12 + z/(-9).
3, 5
Let l(q) = -5*q**2 + 3*q + 2. Let g be l(3). Let x = 56 - g. What are the prime factors of x?
2, 3, 5
Let p(h) = 6*h**2 + 29*h - 71. List the prime factors of p(14).
1511
Let o(k) = k**2 - k. Let m(s) = 3*s**2 + 7*s - 3. Let j = -9 + 5. Let v(r) = j*o(r) + m(r). List the prime factors of v(6).
3
Suppose 12 = -t + 5*m, 0 = -4*t + 2*m + m + 20. List the prime factors of t/1 + 6*5/10.
11
Suppose -2*v + 0*m - 3*m = 13, 0 = -v + 3*m - 2. Let b(u) = -47 + 5*u**2 - 3*u**3 + 49 + 4*u**3. List the prime factors of b(v).
2
Suppose -3*a + 3901 = -3*t + 11545, 6*a = 5*t - 12736. List the prime factors of t.
2, 11, 29
Let c be 1136/(-44) + 10/(-55). Let w = c + 46. What are the prime factors of w?
2, 5
Suppose 4*u + 2*c = 522, -4*u + 2*u = -4*c - 246. Suppose 2*k = -a + 42, a + u = 5*a - 5*k. What are the prime factors of a?
2, 3
List the prime factors of ((-132)/77)/(2/(-994)).
2, 3, 71
What are the prime factors of 282 - (-8 + 5 - -3)?
2, 3, 47
Suppose -5 = -5*k - 0, 6 = 2*w + 2*k. Let h be w/14 - (-200)/70. Suppose -h*t + 196 = t. List the prime factors of t.
7
Let n = 21 + -25. Let z(b) = b**2 - 6*b - 9. List the prime factors of z(n).
31
Suppose 5*t - 2*t - 466 = d, 618 = 4*t + 2*d. What are the prime factors of t?
5, 31
Suppose 4*r + 49 - 49 = 0. Suppose 0*y - 2*y + 448 = r. What are the prime factors of y?
2, 7
Let f(a) be the first derivative of a**4/4 + 3*a**3 + 9*a**2/2 + 16*a + 12. Let x be f(-7). Suppose -3*m + 78 + x = 0. What are the prime factors of m?
43
Let q = 168 + -243. Let b = 129 + q. Suppose b = -2*i + 4*i. List the prime factors of i.
3
Suppose -8*q + 1 = -31. Let c(j) = 72*j**3 + j**2 - j. Let r be c(1). Suppose g - q*g + r = 0. What are the prime factors of g?
2, 3
What are the prime factors of (138/(-4))/((-8)/2624*4)?
3, 23, 41
List the prime factors of (-922)/(-8)*(840/10)/7.
3, 461
Suppose -2*k = 2*k - 4. Suppose 3*w - 91 + 34 = 0. Let t = w + k. What are the prime factors of t?
2, 5
Suppose 2*d - 3*o = 15, -d + 3*d - 9 = -3*o. Suppose 2*q - d = 2*y, -2*q + 3*y = -6 - 0. Suppose 4*v - 8 = -0*v, -q*p + 2*v = -2. List the prime factors of p.
2
Let t be 6/(-4) - 228/24. Let h = t - -13. List the prime factors of (-4)/(-4) + h - -35.
2, 19
What are the prime factors of (-19 + -159)*2/((-12)/15)?
5, 89
Let r(n) = 3*n + 24. Let c be r(13). Suppose -5*t + 283 = -4*f, 2*t - 40 = 5*f + c. List the prime factors of t.
59
Let q(s) = 38*s**2 + 47*s - 4. List the prime factors of q(-8).
2, 3, 19
Suppose -4*b - 1 = -9. Suppose 140 = b*p + 3*p. Let c = p - 26. List the prime factors of c.
2
Let r(d) be the second derivative of d**4/12 - d**3/6 + d**2/2 - d - 15. Let f be -6 + (0 - (2 - 2)). What are the prime factors of r(f)?
43
What are the prime factors of 104 - (2 + 0 - (-12)/(-3))?
2, 53
Suppose -2*h = -4*a + 3*a - 4, 3*a = 5*h - 12. Let f be (-1 - h - -4)*1. Suppose -v + f*v = 4*q + 86, -4*q = 2*v - 86. What are the prime factors of v?
43
Let t(o) = 148*o**2 + 11*o + 8. List the prime factors of t(-3).
1307
List the prime factors of 9/(-21) + ((-25344)/42)/(-1).
3, 67
Suppose 10 = -2*g + 8, -2*y + 1873 = g. What are the prime factors of y?
937
Suppose 26*v = 34*v - 1112. List the prime factors of v.
139
Let g be 2 + ((-12)/1)/(-2). Let j(k) = k**2 - 7*k - 8. Let u be j(g). Suppose u = 4*m - 2*m - 32. List the prime factors of m.
2
Let q(g) = 12*g**2 + g. Let z be 26/(-22) - (-6)/33. Let x be q(z). Let w = x - 2. What are the prime factors of w?
3
Let b = -12 - -5. Let d = -29 + b. Let s = 60 + d. List the prime factors of s.
2, 3
Let x(n) = 51*n - 57*n + n**2 + 5 + n**2. Let r be x(3). Suppose 0 = -4*s + 5*f + 125, -2*f = r*s + 2*f - 187. List the prime factors of s.
5, 7
Suppose 2*j + 1 = 5. List the prime factors of ((-27)/j)/((-6)/24).
2, 3
Suppose 19 = q - 90. Suppose q = 2*w - 59. What are the prime factors of w?
2, 3, 7
Let w be ((-141)/5)/(5 - (-168)/(-35)). Let c = 261 + w. List the prime factors of c.
2, 3, 5
What are the prime factors of (-33)/(-77) - (-42548)/28?
2, 5, 19
Let n be -1*((-2 - 0) + -2). Suppose k = -n*k + 890. What are the prime factors of k?
2, 89
Let l(x) be the third derivative of -x**6/360 - x**5/20 + x**4/8 - 4*x**3/3 - 2*x**2. Let t(o) be the first derivative of l(o). List the prime factors of t(-5).
2
Let x(f) = 1 + 7 + 0*f - f. Let j be x(6). Suppose -2*b + 4*i + 7 = -31, 0 = j*i. List the prime factors of b.
19
Let h(y) = 10*y**2 + 7*y + 9. Let g(x) = x**2. Let t(l) = -4*g(l) + h(l). What are the prime factors of t(4)?
7, 19
What are the prime factors of (-44)/(-12)*11*(47 - 35)?
2, 11
Let b = 32 - -293. What are the prime factors of b?
5, 13